mmon divisor of 1298444 and 56.
28
Calculate the greatest common factor of 658 and 2162.
94
What is the highest common factor of 134843 and 8037?
893
What is the greatest common factor of 480 and 11244?
12
What is the highest common factor of 19240 and 104?
104
Calculate the highest common factor of 1920703 and 365.
73
Calculate the highest common divisor of 13038 and 636.
318
What is the highest common divisor of 902 and 50840?
82
What is the highest common factor of 3515 and 5605?
95
Calculate the highest common factor of 10809 and 207.
9
What is the greatest common factor of 203 and 177393?
29
What is the greatest common divisor of 1032 and 6048?
24
What is the highest common factor of 16 and 134696?
8
Calculate the highest common divisor of 1490910 and 30.
30
What is the greatest common factor of 66774 and 10974?
186
Calculate the highest common factor of 33 and 61688.
11
Calculate the greatest common divisor of 1485 and 170115.
165
Calculate the highest common divisor of 37 and 144707.
37
What is the greatest common factor of 568379 and 7?
7
Calculate the greatest common factor of 723636 and 144.
36
What is the greatest common divisor of 962321 and 67?
67
What is the highest common divisor of 5499564 and 940?
188
Calculate the greatest common divisor of 5268 and 4356.
12
What is the highest common divisor of 56 and 361144?
56
What is the highest common factor of 26136 and 81?
27
What is the highest common factor of 203987 and 45080?
1127
What is the highest common factor of 3550 and 9950?
50
What is the greatest common factor of 4499034 and 4986?
1662
Calculate the greatest common divisor of 112 and 22652.
28
Calculate the highest common divisor of 4302 and 20554.
478
What is the greatest common divisor of 756 and 3281418?
378
What is the highest common divisor of 23 and 5043923?
23
What is the highest common factor of 3024 and 180558?
126
Calculate the greatest common factor of 18028 and 1472.
4
Calculate the highest common divisor of 75 and 134675.
25
Calculate the greatest common factor of 357 and 609.
21
Calculate the highest common factor of 70372 and 292.
292
What is the highest common factor of 20 and 1120160?
20
Calculate the greatest common factor of 10858 and 356.
178
Calculate the highest common factor of 10 and 11834.
2
What is the greatest common divisor of 865 and 1545409?
173
Calculate the greatest common divisor of 16080 and 32400.
240
Calculate the highest common divisor of 436 and 14884.
4
Calculate the highest common factor of 13220 and 600.
20
What is the highest common divisor of 324898 and 414?
46
Calculate the greatest common factor of 1998 and 162.
54
What is the greatest common divisor of 150 and 18575?
25
Calculate the greatest common factor of 5550 and 1185.
15
What is the greatest common factor of 16124 and 5162?
58
What is the highest common factor of 55 and 673805?
55
What is the highest common divisor of 24255 and 3255?
105
Calculate the greatest common divisor of 2774 and 1196981.
1387
Calculate the greatest common factor of 5550 and 15450.
150
What is the greatest common factor of 2048 and 1616?
16
What is the highest common divisor of 24 and 90248?
8
What is the highest common factor of 59 and 76051?
59
What is the greatest common factor of 967339 and 199?
199
Calculate the highest common divisor of 1482 and 6498.
114
What is the highest common divisor of 336 and 8932?
28
What is the highest common factor of 345490 and 10?
10
What is the highest common divisor of 61 and 1983476?
61
What is the highest common divisor of 183 and 459?
3
What is the greatest common factor of 3248 and 176?
16
Calculate the highest common divisor of 1169127 and 2014.
1007
What is the highest common factor of 9 and 14646879?
9
Calculate the highest common factor of 1644 and 182895.
411
What is the highest common factor of 144886 and 17696?
1106
What is the highest common factor of 2774 and 84242?
146
What is the highest common divisor of 10 and 56197?
1
What is the highest common divisor of 789903 and 36?
9
What is the highest common divisor of 318 and 1186564?
106
Calculate the highest common divisor of 3675 and 1022875.
1225
What is the greatest common divisor of 293044 and 244?
244
Calculate the highest common factor of 104217 and 15.
3
What is the greatest common factor of 20559 and 363?
33
What is the highest common divisor of 9156 and 56?
28
Calculate the greatest common divisor of 228 and 49761.
57
What is the highest common divisor of 25 and 487350?
25
Calculate the highest common divisor of 62 and 136462.
62
Calculate the greatest common factor of 3510 and 18265.
65
What is the greatest common divisor of 447828 and 24?
12
Calculate the greatest common factor of 259825 and 47589.
547
What is the highest common factor of 364 and 6214?
26
Calculate the highest common divisor of 85529 and 267.
89
What is the greatest common divisor of 135 and 1761345?
135
What is the highest common divisor of 30 and 3166470?
30
Calculate the highest common divisor of 460 and 666080.
460
Calculate the greatest common factor of 171066 and 630.
42
Calculate the highest common divisor of 95232 and 1922.
62
What is the greatest common factor of 352 and 29249?
11
What is the greatest common divisor of 340463 and 2456?
307
What is the greatest common divisor of 10 and 50990?
10
What is the highest common factor of 1679864 and 24?
8
Calculate the greatest common factor of 686 and 41454.
98
Calculate the highest common divisor of 135760 and 272.
16
What is the highest common divisor of 24510 and 28215?
285
Calculate the greatest common divisor of 27 and 55431.
27
What is the highest common factor of 5780 and 30820?
20
Calculate the greatest common factor of 3861 and 25542.
297
What is the greatest common divisor of 5288418 and 1422?
1422
What is the highest common divisor of 4117 and 17542?
179
Calculate the greatest common factor of 2519 and 25487.
11
Calculate the greatest common divisor of 552 and 65256.
24
Calculate the highest common factor of 7961 and 57.
19
What is the greatest common divisor of 177 and 7041?
3
Calculate the greatest common divisor of 5837 and 104.
13
What is the greatest common divisor of 286 and 31226?
26
What is the highest common divisor of 1665 and 315795?
555
Calculate the highest common divisor of 61456 and 31280.
368
What is the highest common factor of 67875 and 150?
75
What is the greatest common divisor of 7600 and 8080?
80
What is the highest common factor of 1429300 and 100?
100
What is the highest common divisor of 110 and 225115?
55
What is the highest common divisor of 3241 and 21761?
463
Calculate the highest common divisor of 81 and 1910736.
27
What is the highest common divisor of 129590 and 110?
10
What is the highest common factor of 816868 and 78?
26
Calculate the greatest common factor of 2132 and 3068.
52
What is the highest common factor of 12516 and 1356?
12
Calculate the greatest common factor of 88032 and 107944.
1048
What is the highest common factor of 1731801 and 1251?
417
Calculate the highest common factor of 187526 and 4.
2
What is the greatest common factor of 13 and 121433?
13
Calculate the greatest common divisor of 755 and 104794.
151
Calculate the greatest common factor of 4688 and 80.
16
What is the highest common divisor of 7141 and 481?
37
Calculate the highest common factor of 1650 and 21900.
150
What is the greatest common divisor of 50 and 925?
25
Calculate the highest common divisor of 528 and 13002.
66
Calculate the highest common factor of 34304 and 6164.
268
Calculate the greatest common factor of 739620 and 28.
28
Calculate the highest common factor of 58529 and 2140.
107
What is the greatest common divisor of 3904 and 366?
122
Calculate the greatest common divisor of 297522 and 18.
18
Calculate the greatest common divisor of 6274345 and 215.
215
Calculate the greatest common factor of 125 and 994975.
25
What is the highest common factor of 32178 and 8477?
173
Calculate the greatest common factor of 47428 and 13206.
142
What is the highest common divisor of 1222320 and 4?
4
What is the greatest common factor of 421412 and 548?
548
What is the greatest common factor of 240 and 1770?
30
Calculate the greatest common factor of 378 and 131922.
378
What is the highest common d